[INFO] fetching crate rafx-resources 0.0.2...
[INFO] building rafx-resources-0.0.2 against master#ff34b919075f35a1787659e9c448a34b06bab8de for issue-85264
[INFO] extracting crate rafx-resources 0.0.2 into /workspace/builds/worker-6/source
[INFO] validating manifest of crates.io crate rafx-resources 0.0.2 on toolchain ff34b919075f35a1787659e9c448a34b06bab8de
[INFO] running `Command { std: "/workspace/cargo-home/bin/cargo" "+ff34b919075f35a1787659e9c448a34b06bab8de" "metadata" "--manifest-path" "Cargo.toml" "--no-deps", kill_on_drop: false }`
[INFO] started tweaking crates.io crate rafx-resources 0.0.2
[INFO] finished tweaking crates.io crate rafx-resources 0.0.2
[INFO] tweaked toml for crates.io crate rafx-resources 0.0.2 written to /workspace/builds/worker-6/source/Cargo.toml
[INFO] running `Command { std: "/workspace/cargo-home/bin/cargo" "+ff34b919075f35a1787659e9c448a34b06bab8de" "generate-lockfile" "--manifest-path" "Cargo.toml" "-Zno-index-update", kill_on_drop: false }`
[INFO] running `Command { std: "/workspace/cargo-home/bin/cargo" "+ff34b919075f35a1787659e9c448a34b06bab8de" "fetch" "--manifest-path" "Cargo.toml", kill_on_drop: false }`
[INFO] running `Command { std: "docker" "create" "-v" "/var/lib/crater-agent-workspace/builds/worker-6/target:/opt/rustwide/target:rw,Z" "-v" "/var/lib/crater-agent-workspace/builds/worker-6/source:/opt/rustwide/workdir:ro,Z" "-v" "/var/lib/crater-agent-workspace/cargo-home:/opt/rustwide/cargo-home:ro,Z" "-v" "/var/lib/crater-agent-workspace/rustup-home:/opt/rustwide/rustup-home:ro,Z" "-e" "SOURCE_DIR=/opt/rustwide/workdir" "-e" "CARGO_TARGET_DIR=/opt/rustwide/target" "-e" "CARGO_HOME=/opt/rustwide/cargo-home" "-e" "RUSTUP_HOME=/opt/rustwide/rustup-home" "-w" "/opt/rustwide/workdir" "-m" "1610612736" "--user" "0:0" "--network" "none" "ghcr.io/rust-lang/crates-build-env/linux@sha256:20528e8c29e4536546f0102ce88568b16ea7538393a33fcca951030f7af10457" "/opt/rustwide/cargo-home/bin/cargo" "+ff34b919075f35a1787659e9c448a34b06bab8de" "metadata" "--no-deps" "--format-version=1", kill_on_drop: false }`
[INFO] [stderr] WARNING: Your kernel does not support swap limit capabilities or the cgroup is not mounted. Memory limited without swap.
[INFO] [stdout] ec76d36804e050dd94fdfa8cd7fcc7709164bdcc2696ccc5185d4bf846d05014
[INFO] running `Command { std: "docker" "start" "-a" "ec76d36804e050dd94fdfa8cd7fcc7709164bdcc2696ccc5185d4bf846d05014", kill_on_drop: false }`
[INFO] running `Command { std: "docker" "inspect" "ec76d36804e050dd94fdfa8cd7fcc7709164bdcc2696ccc5185d4bf846d05014", kill_on_drop: false }`
[INFO] running `Command { std: "docker" "rm" "-f" "ec76d36804e050dd94fdfa8cd7fcc7709164bdcc2696ccc5185d4bf846d05014", kill_on_drop: false }`
[INFO] [stdout] ec76d36804e050dd94fdfa8cd7fcc7709164bdcc2696ccc5185d4bf846d05014
[INFO] running `Command { std: "docker" "create" "-v" "/var/lib/crater-agent-workspace/builds/worker-6/target:/opt/rustwide/target:rw,Z" "-v" "/var/lib/crater-agent-workspace/builds/worker-6/source:/opt/rustwide/workdir:ro,Z" "-v" "/var/lib/crater-agent-workspace/cargo-home:/opt/rustwide/cargo-home:ro,Z" "-v" "/var/lib/crater-agent-workspace/rustup-home:/opt/rustwide/rustup-home:ro,Z" "-e" "SOURCE_DIR=/opt/rustwide/workdir" "-e" "CARGO_TARGET_DIR=/opt/rustwide/target" "-e" "CARGO_INCREMENTAL=0" "-e" "RUST_BACKTRACE=full" "-e" "RUSTFLAGS=--cap-lints=forbid" "-e" "CARGO_HOME=/opt/rustwide/cargo-home" "-e" "RUSTUP_HOME=/opt/rustwide/rustup-home" "-w" "/opt/rustwide/workdir" "-m" "1610612736" "--user" "0:0" "--network" "none" "ghcr.io/rust-lang/crates-build-env/linux@sha256:20528e8c29e4536546f0102ce88568b16ea7538393a33fcca951030f7af10457" "/opt/rustwide/cargo-home/bin/cargo" "+ff34b919075f35a1787659e9c448a34b06bab8de" "build" "--frozen" "--message-format=json", kill_on_drop: false }`
[INFO] [stdout] e73bf5f4bc6384a541cf7e31839fe658b614688075234e51e460443a47521922
[INFO] [stderr] WARNING: Your kernel does not support swap limit capabilities or the cgroup is not mounted. Memory limited without swap.
[INFO] running `Command { std: "docker" "start" "-a" "e73bf5f4bc6384a541cf7e31839fe658b614688075234e51e460443a47521922", kill_on_drop: false }`
[INFO] [stderr]    Compiling cfg-if v1.0.0
[INFO] [stderr]    Compiling proc-macro2 v1.0.27
[INFO] [stderr]    Compiling unicode-xid v0.2.2
[INFO] [stderr]    Compiling syn v1.0.72
[INFO] [stderr]    Compiling autocfg v1.0.1
[INFO] [stderr]    Compiling libc v0.2.95
[INFO] [stderr]    Compiling lazy_static v1.4.0
[INFO] [stderr]    Compiling serde_derive v1.0.126
[INFO] [stderr]    Compiling log v0.4.14
[INFO] [stderr]    Compiling bitflags v1.2.1
[INFO] [stderr]    Compiling cc v1.0.68
[INFO] [stderr]    Compiling serde v1.0.126
[INFO] [stderr]    Compiling fnv v1.0.7
[INFO] [stderr]    Compiling glam v0.8.7
[INFO] [stderr]    Compiling libloading v0.7.0
[INFO] [stderr]    Compiling libloading v0.6.7
[INFO] [stderr]    Compiling ash v0.31.0
[INFO] [stderr]    Compiling ash v0.32.1
[INFO] [stderr]    Compiling crossbeam-utils v0.8.4
[INFO] [stderr]    Compiling quote v1.0.9
[INFO] [stderr]    Compiling raw-window-handle v0.3.3
[INFO] [stderr]    Compiling vk-mem v0.2.2
[INFO] [stderr]    Compiling crossbeam-channel v0.5.1
[INFO] [stderr]    Compiling rafx-base v0.0.2
[INFO] [stderr]    Compiling profiling-procmacros v0.1.3
[INFO] [stderr]    Compiling profiling v0.1.10
[INFO] [stderr]    Compiling ash-window v0.5.0
[INFO] [stderr]    Compiling rafx-api v0.0.2
[INFO] [stdout] error[E0277]: the trait bound `entry::VkEntry: ash::entry::EntryV1_0` is not satisfied
[INFO] [stdout]    --> /opt/rustwide/cargo-home/registry/src/github.com-1ecc6299db9ec823/rafx-api-0.0.2/src/vulkan/swapchain.rs:122:13
[INFO] [stdout]     |
[INFO] [stdout] 122 |             ash_window::create_surface(
[INFO] [stdout]     |             ^^^^^^^^^^^^^^^^^^^^^^^^^^ the trait `ash::entry::EntryV1_0` is not implemented for `entry::VkEntry`
[INFO] [stdout]     | 
[INFO] [stdout]    ::: /opt/rustwide/cargo-home/registry/src/github.com-1ecc6299db9ec823/ash-window-0.5.0/src/lib.rs:29:8
[INFO] [stdout]     |
[INFO] [stdout] 29  |     E: EntryV1_0,
[INFO] [stdout]     |        --------- required by this bound in `create_surface`
[INFO] [stdout] 
[INFO] [stdout] 
[INFO] [stdout] error[E0277]: the trait bound `entry::ash::Instance: ash::instance::InstanceV1_0` is not satisfied
[INFO] [stdout]    --> /opt/rustwide/cargo-home/registry/src/github.com-1ecc6299db9ec823/rafx-api-0.0.2/src/vulkan/swapchain.rs:122:13
[INFO] [stdout]     |
[INFO] [stdout] 122 |             ash_window::create_surface(
[INFO] [stdout]     |             ^^^^^^^^^^^^^^^^^^^^^^^^^^ the trait `ash::instance::InstanceV1_0` is not implemented for `entry::ash::Instance`
[INFO] [stdout]     | 
[INFO] [stdout]    ::: /opt/rustwide/cargo-home/registry/src/github.com-1ecc6299db9ec823/ash-window-0.5.0/src/lib.rs:30:8
[INFO] [stdout]     |
[INFO] [stdout] 30  |     I: InstanceV1_0,
[INFO] [stdout]     |        ------------ required by this bound in `create_surface`
[INFO] [stdout] 
[INFO] [stdout] 
[INFO] [stdout] error[E0277]: `?` couldn't convert the error to `error::RafxError`
[INFO] [stdout]    --> /opt/rustwide/cargo-home/registry/src/github.com-1ecc6299db9ec823/rafx-api-0.0.2/src/vulkan/swapchain.rs:127:14
[INFO] [stdout]     |
[INFO] [stdout] 127 |             )?
[INFO] [stdout]     |              ^ the trait `From<ash::vk::enums::Result>` is not implemented for `error::RafxError`
[INFO] [stdout]     |
[INFO] [stdout]     = note: the question mark operation (`?`) implicitly performs a conversion on the error value using the `From` trait
[INFO] [stdout]     = help: the following implementations were found:
[INFO] [stdout]               <error::RafxError as From<&str>>
[INFO] [stdout]               <error::RafxError as From<LoadingError>>
[INFO] [stdout]               <error::RafxError as From<entry::ash::vk::Result>>
[INFO] [stdout]               <error::RafxError as From<instance::VkCreateInstanceError>>
[INFO] [stdout]             and 3 others
[INFO] [stdout]     = note: required by `std::convert::From::from`
[INFO] [stdout] 
[INFO] [stdout] 
[INFO] [stdout] error[E0308]: mismatched types
[INFO] [stdout]    --> /opt/rustwide/cargo-home/registry/src/github.com-1ecc6299db9ec823/rafx-api-0.0.2/src/vulkan/swapchain.rs:140:13
[INFO] [stdout]     |
[INFO] [stdout] 140 |             surface,
[INFO] [stdout]     |             ^^^^^^^ expected struct `SurfaceKHR`, found struct `ash::vk::definitions::SurfaceKHR`
[INFO] [stdout]     |
[INFO] [stdout]     = note: perhaps two different versions of crate `ash` are being used?
[INFO] [stdout] 
[INFO] [stdout] 
[INFO] [stdout] error[E0308]: mismatched types
[INFO] [stdout]    --> /opt/rustwide/cargo-home/registry/src/github.com-1ecc6299db9ec823/rafx-api-0.0.2/src/vulkan/swapchain.rs:162:13
[INFO] [stdout]     |
[INFO] [stdout] 162 |             surface,
[INFO] [stdout]     |             ^^^^^^^ expected struct `SurfaceKHR`, found struct `ash::vk::definitions::SurfaceKHR`
[INFO] [stdout]     |
[INFO] [stdout]     = note: perhaps two different versions of crate `ash` are being used?
[INFO] [stdout] 
[INFO] [stdout] 
[INFO] [stdout] error[E0277]: `?` couldn't convert the error to `instance::VkCreateInstanceError`
[INFO] [stdout]    --> /opt/rustwide/cargo-home/registry/src/github.com-1ecc6299db9ec823/rafx-api-0.0.2/src/vulkan/internal/instance.rs:105:84
[INFO] [stdout]     |
[INFO] [stdout] 105 |         let mut extension_names = ash_window::enumerate_required_extensions(window)?;
[INFO] [stdout]     |                                                                                    ^ the trait `From<ash::vk::enums::Result>` is not implemented for `instance::VkCreateInstanceError`
[INFO] [stdout]     |
[INFO] [stdout]     = note: the question mark operation (`?`) implicitly performs a conversion on the error value using the `From` trait
[INFO] [stdout]     = help: the following implementations were found:
[INFO] [stdout]               <instance::VkCreateInstanceError as From<InstanceError>>
[INFO] [stdout]               <instance::VkCreateInstanceError as From<entry::ash::vk::Result>>
[INFO] [stdout]     = note: required by `std::convert::From::from`
[INFO] [stdout] 
[INFO] [stdout] 
[INFO] [stdout] error: aborting due to 6 previous errors
[INFO] [stdout] 
[INFO] [stdout] 
[INFO] [stdout] Some errors have detailed explanations: E0277, E0308.
[INFO] [stdout] 
[INFO] [stdout] For more information about an error, try `rustc --explain E0277`.
[INFO] [stdout] 
[INFO] [stderr] error: could not compile `rafx-api`
[INFO] [stderr] 
[INFO] [stderr] To learn more, run the command again with --verbose.
[INFO] running `Command { std: "docker" "inspect" "e73bf5f4bc6384a541cf7e31839fe658b614688075234e51e460443a47521922", kill_on_drop: false }`
[INFO] running `Command { std: "docker" "rm" "-f" "e73bf5f4bc6384a541cf7e31839fe658b614688075234e51e460443a47521922", kill_on_drop: false }`
[INFO] [stdout] e73bf5f4bc6384a541cf7e31839fe658b614688075234e51e460443a47521922
